{"id":26,"date":"2024-02-04T19:58:13","date_gmt":"2024-02-04T18:58:13","guid":{"rendered":"https:\/\/tatiashanails.pl\/?page_id=26"},"modified":"2026-02-10T22:59:56","modified_gmt":"2026-02-10T21:59:56","slug":"home","status":"publish","type":"page","link":"https:\/\/tatiashanails.pl\/","title":{"rendered":"Home"},"content":{"rendered":"\n<p class=\"has-theme-palette-9-color has-text-color has-link-color wp-elements-bd8c4872c8d5b632aec15518e1b37ae1\">Lubisz zadbane, eleganckie d\u0142onie bez przesady?<br>Specjalizuj\u0119 si\u0119 w <strong>naturalnym manicure<\/strong>, kt\u00f3ry podkre\u015bla Twoj\u0105 urod\u0119, a nie j\u0105 przyt\u0142acza.<\/p>\n\n\n\n<p class=\"has-theme-palette-9-color has-text-color has-link-color wp-elements-0f234884fa63c358369c645b440dfb56\">\u2714 delikatne kolory i minimalistyczne stylizacje<br>\u2714 zdrowe, wzmocnione paznokcie<br>\u2714 precyzja, higiena i spokojna atmosfera<br>\u2714 manicure idealny na co dzie\u0144 i do pracy<\/p>\n\n\n\n<p class=\"has-theme-palette-9-color has-text-color has-link-color wp-elements-3275b1615662f086ce8870cc09c6a716\">Bo czasem <strong>mniej znaczy wi\u0119cej<\/strong> \ud83e\udd0d<br>Um\u00f3w si\u0119 i pozw\u00f3l swoim paznokciom wygl\u0105da\u0107 naturalnie pi\u0119knie.<\/p>\n\n\n\n<p class=\"has-text-align-center has-theme-palette-9-color has-text-color has-link-color\"><\/p>\n\n\n\n<figure class=\"wp-block-image size-large\"><img loading=\"lazy\" decoding=\"async\" width=\"768\" height=\"1024\" src=\"http:\/\/tatiashanails.pl\/wp-content\/uploads\/2024\/02\/Tatiana-One-768x1024.jpg\" alt=\"\" class=\"wp-image-111\"\/><\/figure>\n","protected":false},"excerpt":{"rendered":"<p>Lubisz zadbane, eleganckie d\u0142onie bez przesady?Specjalizuj\u0119 si\u0119 w naturalnym manicure, kt\u00f3ry podkre\u015bla Twoj\u0105 urod\u0119, a nie j\u0105 przyt\u0142acza. \u2714 delikatne kolory i minimalistyczne stylizacje\u2714 zdrowe, wzmocnione paznokcie\u2714 precyzja, higiena i spokojna atmosfera\u2714 manicure idealny na co dzie\u0144 i do pracy Bo czasem mniej znaczy wi\u0119cej \ud83e\udd0dUm\u00f3w si\u0119 i pozw\u00f3l swoim paznokciom wygl\u0105da\u0107 naturalnie pi\u0119knie.<\/p>\n","protected":false},"author":1,"featured_media":0,"parent":0,"menu_order":0,"comment_status":"closed","ping_status":"closed","template":"","meta":{"_kad_post_transparent":"","_kad_post_title":"hide","_kad_post_layout":"","_kad_post_sidebar_id":"","_kad_post_content_style":"","_kad_post_vertical_padding":"","_kad_post_feature":"show","_kad_post_feature_position":"behind","_kad_post_header":false,"_kad_post_footer":false,"_kad_post_classname":"","footnotes":""},"class_list":["post-26","page","type-page","status-publish","hentry"],"_links":{"self":[{"href":"https:\/\/tatiashanails.pl\/index.php?rest_route=\/wp\/v2\/pages\/26","targetHints":{"allow":["GET"]}}],"collection":[{"href":"https:\/\/tatiashanails.pl\/index.php?rest_route=\/wp\/v2\/pages"}],"about":[{"href":"https:\/\/tatiashanails.pl\/index.php?rest_route=\/wp\/v2\/types\/page"}],"author":[{"embeddable":true,"href":"https:\/\/tatiashanails.pl\/index.php?rest_route=\/wp\/v2\/users\/1"}],"replies":[{"embeddable":true,"href":"https:\/\/tatiashanails.pl\/index.php?rest_route=%2Fwp%2Fv2%2Fcomments&post=26"}],"version-history":[{"count":14,"href":"https:\/\/tatiashanails.pl\/index.php?rest_route=\/wp\/v2\/pages\/26\/revisions"}],"predecessor-version":[{"id":288,"href":"https:\/\/tatiashanails.pl\/index.php?rest_route=\/wp\/v2\/pages\/26\/revisions\/288"}],"wp:attachment":[{"href":"https:\/\/tatiashanails.pl\/index.php?rest_route=%2Fwp%2Fv2%2Fmedia&parent=26"}],"curies":[{"name":"wp","href":"https:\/\/api.w.org\/{rel}","templated":true}]}}